 j be (4 + (0 - -3))*1. Give z(j).
-3
Let c(w) = w + 4. Let s(p) = 4*p - 147. Let u be s(33). Let q = 19 + u. Determine c(q).
8
Let l(x) = -6 - 3*x - 4 + 18 - 13. Let w = 18 + -8. Let z = w - 15. Calculate l(z).
10
Let m(g) be the third derivative of g**4/24 - g**3/6 - 13*g**2. Let o = 54 + -18. Let c be 9/o - (-3)/4. Determine m(c).
0
Let x be 326/(-46) + 568/6532. Let o(q) = -q**2 - 12*q - 4. Give o(x).
31
Let i be 12/(-10)*(7 + (-574)/42). Suppose i = -5*u + 9*u, -4*m = -4*u - 8. Let h(o) = 2*o + 5. Determine h(m).
13
Let c = 10 + -8. Let l(z) = c*z + z**3 - 2*z**3 - z**3 + 3*z**2 + 6 + 0*z**2 + z**3. What is l(3)?
12
Suppose 0 = -5*j - 88 + 28. Let r be ((-5)/10)/(1*2/j). Let p(d) = -3*d**2 - 2*d - 3. Calculate p(r).
-36
Let a(z) = -27*z + 74. Let j be a(3). Let v be ((-8)/(-6))/(j/(-189)*-6). Let x(i) = -i**3 - 7*i**2 - 2*i + 4. Determine x(v).
-20
Let h(j) = -17721 - j**2 - 3*j + j**3 + 8862 + 8857. Give h(0).
-2
Let q(c) = c + 10. Suppose -z - 20 = 3*s, z + 5*s + 72 = -2*z. Let a = 29 + z. Suppose a = -4*y + 5*h - 7, -4*y - h = -2*y + 21. Determine q(y).
2
Let d be (-62)/(-7) - (-28)/196. Let q(a) = -a + 3. Calculate q(d).
-6
Let y(i) = i**2 - 5*i + 18 - 2*i**2 + 13 - 39 + 14. Let r be 101/(-4) + (-3)/4. Let p = r + 21. Give y(p).
6
Let a be (-44)/(-6) - (-9 - (-814)/66). Let v(h) be the third derivative of 0*h + 0 - h**2 + 0*h**3 + 1/12*h**4. Determine v(a).
8
Let i(y) = 13*y**3 - 10*y**2 + 35*y + 16. Let f = 391 - 396. Let p(l) = -8*l**3 + 7*l**2 - 23*l - 11. Let j(n) = f*i(n) - 8*p(n). Give j(-7).
-6
Let v(m) = m**2 + 4*m + 4. Let d(y) = y**3 + 28*y**2 - 26*y + 77. Let x be d(-29). Let c(f) = f**2 + 10*f - 3. Let l be c(x). What is v(l)?
1
Let a(c) be the third derivative of -c**4/12 + 3*c**3/2 + c**2 - 14135. Let d = 5 - 12. Give a(d).
23
Let u(g) = g**3 + 2*g**3 + 2 + 3*g**3 + 13*g + 15*g**2 - 27*g**2 - 7*g**3. Let w(h) = -2*h - 5. Let q be w(4). Calculate u(q).
2
Let q(p) be the first derivative of -3*p**2 - 5*p + 1/4*p**4 - 4/3*p**3 - 129. Let y(w) = 6*w**3 - 2*w**2 + 1. Let b be y(1). Give q(b).
-10
Let x(k) = -42*k - 375. Let f(m) = -30*m**3 - 92*m**2 + 7*m + 30. Let c be f(-3). Calculate x(c).
3
Let t be -7 + (-8*(-2)/4 - -1). Let f(z) = -19*z**3 - z - 4. Let v(j) = -78*j**3 - j**2 - 4*j - 18. Let k(a) = t*v(a) + 9*f(a). What is k(1)?
-14
Let g be ((-1)/3)/(2/24) + 9. Let f(u) = -7*u**2 + 20*u + 11. Let x(p) = 11*p**2 - 30*p - 16. Let k(v) = g*x(v) + 8*f(v). Determine k(11).
-3
Let i = 499/10680 + 7/2136. Let k(b) be the second derivative of -23*b + 0 - 1/3*b**3 + b**2 + 1/4*b**4 - i*b**5. Give k(3).
-4
Let v(g) be the second derivative of -g**4/12 - 3*g**3/2 - 11*g**2/2 - 2902*g - 2. Let o be (12/9)/(2/(-9)). Calculate v(o).
7
Let t(b) = 6*b - 5. Let k = -3479 + 3483. What is t(k)?
19
Suppose -1 = 5*a - 4*d - 5, -d + 20 = 4*a. Let m(c) be the second derivative of -c**3/6 - c**2 - 1994*c. Determine m(a).
-6
Let b(r) be the first derivative of -r**2 + 18*r - 1136. Calculate b(13).
-8
Let o(d) = -9 - 8 - 18*d + 17*d - 3*d**2 - 23*d + 34. Determine o(-9).
-10
Let p(y) = -8*y**3 + 3 + y - 3 + 2*y**2 + 9*y**3. Suppose -4*w = 2*l - 0 - 6, 2*w = 4*l + 8. Calculate p(l).
0
Let h(b) = -169*b + 36. Let x(t) = 2325*t - 505. Let r(m) = 55*h(m) + 4*x(m). Calculate r(5).
-15
Let c(s) = -s**3 + 4*s**2 + 2*s + 13. Let i be ((-115)/(-69))/(9/27). Determine c(i).
-2
Let n be (-28)/(-210) - 208/(-15). Let v(z) = -5*z - 16. Give v(n).
-86
Let i(m) = m**2 + 5*m + 5. Let t be ((-2)/3)/(9/81). Let j be ((-6)/(-18))/(-1) + (-58)/6. Let z = j - t. Give i(z).
1
Suppose -4*t + 1 + 23 = 0. Let z = t + -8. Let x(r) = -6*r**3 - 4109*r**2 + 2*r - 46. Let s(w) = w**3 + 457*w**2 + 5. Let u(m) = -9*s(m) - x(m). What is u(z)?
13
Let q(s) = -s**2 - 2. Let h(z) = 7*z**3 + 4*z**2 + 8. Let g(f) = -h(f) - 4*q(f). Suppose 4*k + u = 9, -k + 2*u - 1 - 8 = 0. Give g(k).
-7
Suppose -126*g + 157*g + 465 = 0. Let a(v) = -2*v**3 - 30*v**2 - v - 10. Calculate a(g).
5
Suppose -962*n + 24 + 32 = -960*n. Suppose 4*i - 15 = 3*i. Let f(j) = n*j - 14*j - 3 + 4 - i*j. What is f(-3)?
4
Let a(c) = -4*c**2 - 3*c + 17. Suppose -51*z - 9*z - 180 = 0. What is a(z)?
-10
Let o(h) = h**3 + 15*h**2 + 5*h + 73. Suppose -44*g + 46*g + 30 = 0. Let p be o(g). Let t(y) = 8*y + 6. Determine t(p).
-10
Let l(m) be the third derivative of -m**6/120 - m**5/20 + 3*m**4/8 + 5*m**3/3 - m**2 - 5*m + 410. Let x = 2 + -7. What is l(x)?
15
Let j(l) = 3*l - 7. Let s(t) = -t**3 + 18*t**2 + 18*t + 21. Let p be s(19). Suppose g + 4*o = 3 - p, -3*g + 3*o - 27 = 0. Calculate j(g).
-28
Let n(y) be the first derivative of -y**2 + y + 2. Let m(q) = q**3 - 82*q**2 + 234*q + 239. Let z be m(79). What is n(z)?
-3
Let j(v) = 3*v**2 - 29*v + 114. Let g(o) = 15*o**2 - 135*o + 530. Let z(p) = -14*g(p) + 65*j(p). Give z(2).
-60
Let i = 718 + -719. Suppose 0*g - 4*g = 0. Let n(m) = -7*m - 1 + 0*m + g*m - 3*m. Give n(i).
9
Let x(f) = f**3 - 2*f**2 + 2*f + 1. Let a(w) = 5*w**3 - 17*w**2 + 7*w + 15. Let h(k) = -a(k) + 4*x(k). Determine h(9).
-2
Let x(j) be the second derivative of -j**4/12 - 2*j**3/3 - 4*j**2 + 15*j. Suppose 2*v = -6*h + 44 - 26, -4*v + 5*h - 49 = 0. Calculate x(v).
-20
Let q(r) = 2*r + 1. Suppose -x + 27 = -5*l, 3*x + 3*l + 9 = -0*x. Suppose -j + 3*u = 2*j - 42, -x*j + 3*u + 29 = 0. Suppose 0 = 3*h - j*h + 40. Give q(h).
9
Let p(o) be the third derivative of -o**6/120 - 17*o**5/60 - 5*o**4/8 + 5*o**3/3 - 14*o**2. Suppose 20 = -2*t + 4*k, 43*t = 41*t - k - 35. Give p(t).
-6
Let d be (-89)/(-3) - -4*7/84. Let r be d/135 - (-46)/18*-4. Let m(l) = -l**3 - 11*l**2 - 10*l - 2. What is m(r)?
-2
Let k(u) = -9*u - 5*u + 5 + 22*u - 2*u. Let h(v) = 8*v + 4. Let x(f) = -2*h(f) + 3*k(f). Determine x(0).
7
Let t(h) = h + 21. Let l = 5014 + -5047. Determine t(l).
-12
Let b(k) = -4*k**3 - 10*k**2 - 2*k - 1. Let o(x) = 3*x**3 + 9*x**2 + 2*x. Let f(q) = -2*b(q) - 3*o(q). Suppose -128 + 330 = -136*w - 206. Calculate f(w).
-28
Let a(w) = 3*w**3 - w - 4. Let b(v) = -4*v**3 + v**2 + v + 5. Let x(j) = 3*a(j) + 2*b(j). Let g be 17/(-7) - 312/546. What is x(g)?
-8
Let g = -2 - -5. Let l(h) = 32*h**3 - 5*h**2 + 3*h - 67. Let r(m) = -13*m**3 + 2*m**2 - m + 26. Let i(t) = -2*l(t) - 5*r(t). Determine i(g).
28
Let m = 244 + -166. Let p(b) = 41 + 4*b - m + 37. Let u = 52 - 49. Determine p(u).
12
Let z(u) = 42 + 66*u - 137*u - 8 + 68*u. What is z(14)?
-8
Suppose -9*c + 7*c + 10 = 0. Suppose -2*v = 4*z + 22, 0 = -4*v + c*v - 2*z - 9. Let n(j) = 8*j**2 - j. Give n(v).
9
Let d be (2 - 5 - -50) + -4. Let s = -41 + d. Let w(p) = -3*p**2 + p**3 - 9*p - 13*p + 2*p**3 + 23*p + s. Give w(2).
16
Suppose -q - 7*q - 1784 = 0. Let c = q + 130. Let g = 91 + c. Let r(u) = 2*u**2 + 2*u + 2. Give r(g).
6
Let q(k) be the first derivative of 19*k**2 - 286*k - 3522. Determine q(8).
18
Let r = -65 - -73. Suppose 165 + 3 = r*o. Suppose 0 = -t + 2*u, -3*u + o = 3*t - 2*u. Let h(l) = -4*l + 5. Give h(t).
-19
Suppose 2284*t + 14 = 2277*t. Let o(h) = h. Give o(t).
-2
Let o(d) be the first derivative of d**4/4 - 10*d**3/3 + d**2 - 13*d + 1. Let p = 17570 + -17560. Determine o(p).
7
Let x(i) = i**3 - 4*i**2 - 3. Let d = 3950 - 3946. Let u(c) be the third derivative of -c**6/120 + c**5/12 - c**4/6 + c**3/2 - c**2. Let a be u(d). Give x(a).
-12
Let f(t) be the first derivative of -2*t**2 - 42*t + 310. What is f(-9)?
-6
Suppose 5*z - 5*g = 50, -1 = -2*z - 5*g - 2. Suppose 13*x - 54 = z*x. Let h(k) = 2 + 7*k**2 + 7*k**2 + k**3 - x*k**2 - 7*k - 3. Determine h(-6).
5
Let o(s) be the first derivative of -s**6/360 + s**5/24 - 5*s**4/24 + 16*s**3 - s**2/2 + 123. Let p(b) be the third derivative of o(b). Determine p(6).
-11
Let z(f) = -18*f + 104. Let g be (-2)/(3*10/(-90)). Give z(g).
-4
Let g(z) = z + 4. Suppose -3*h + 37 = -w, 8*w - 75 = -5*h + 7*w. Suppose -h*l + f - 7 = -16*l, f - 1 = 0. Calculate g(l).
7
Let g(z) = -24*z**2 - 47*z + 84. Let w(q) = 17*q**2 + 31*q - 56. Let y(i) = 5*g(i) + 7*w(i). What is y(-20)?
-12
Let m(b) be the second derivative of -b**5/20 - 7*b**4/12 - b**3/2 - 85*b**2/2 - 13*b + 1. What is m(-8)?
3
Let f(o) = -2*o - 2. Let n be f(-3). Let v(p) = -p**3 + 12*p**2 + 2*p + 4. Let u(j) = 9*j**3 - 105*j**2 - 19*j - 34. Let b(x) = -3*u(x) - 26*v(x). Give b(n).
2
Suppose 11*v = 8*v - 54*v - 741. Let t(i) = i. Calculate t(v).
-13
Let v(j) = j - 3. Let l(m